9. Calculate l(1).
13
Let x(n) = -n**3 + 7*n**2 + 20*n + 89. Calculate x(10).
-11
Let b(m) = -197*m + 4504. Determine b(22).
170
Let f(h) = -8*h**2 - 94*h - 67. Determine f(-11).
-1
Let s(d) = -74*d - 3308. Give s(-42).
-200
Let j(l) = -33*l - 2055. Determine j(-61).
-42
Let m(k) = k**3 + 17*k**2 - 6737*k - 271. Give m(-91).
2
Let w(t) = -20*t**2 + 53*t + 43. Determine w(4).
-65
Let j(i) = 1317*i + 53998. Give j(-41).
1
Let o(g) = 28*g + 165. Give o(-6).
-3
Let a(x) = -x**2 + 31*x - 218. What is a(25)?
-68
Let g(l) = -l**3 + 6*l**2 + 21*l - 24. Determine g(9).
-78
Let i(p) = 48*p - 381. Determine i(-4).
-573
Let m(d) = 64*d - 224. Calculate m(7).
224
Let q(u) = 1266*u - 10135. Give q(8).
-7
Let v(i) = 4*i**3 + 73*i**2 + 13*i - 11. Determine v(-18).
79
Let c(r) = -r**2 - 21*r + 43. Calculate c(-18).
97
Let y(p) = -9*p + 345. Calculate y(34).
39
Let u(o) = -3*o**3 - 19*o**2 - 24*o + 3. Give u(-2).
-1
Let n(j) = -j**2 + 112*j + 1217. What is n(-10)?
-3
Let s(r) = 23*r - 1090. What is s(47)?
-9
Let h(r) = r**3 + r**2 - 27*r + 11. Give h(5).
26
Let a(x) = 13*x - 267. Give a(12).
-111
Let n(f) = -f**3 + 23*f**2 + 81*f - 56. Give n(26).
22
Let m(v) = 23*v + 318. Give m(-15).
-27
Let z(a) = -48*a - 2976. Determine z(-62).
0
Let f(p) = 8*p**2 - 222*p - 1052. Calculate f(32).
36
Let z(f) = f**2 + 59*f - 2432. Give z(-87).
4
Let q(b) = -b**3 + 82*b**2 + 163*b - 309. Calculate q(84).
-729
Let i(z) = 129*z + 14574. Calculate i(-113).
-3
Let o(a) = -36*a + 428. What is o(12)?
-4
Let g(o) = -13*o**3 - 6*o**2 + o + 6. Give g(-2).
84
Let g(i) = -3*i**2 + 62*i - 310. What is g(10)?
10
Let x(j) = -57*j + 31. What is x(3)?
-140
Let h(g) = -13*g**2 + 22*g - 42. What is h(6)?
-378
Let c(k) = -k**3 + 25*k**2 - 151*k + 21. Determine c(10).
11
Let c(m) = m**2 - 50*m + 270. Determine c(6).
6
Let a(x) = -x**3 - 17*x**2 - 58*x - 20. Calculate a(-7).
-104
Let j(i) = -2*i**2 - 15*i - 66. Calculate j(-6).
-48
Let r(a) = -a**2 + 7*a - 40. Calculate r(6).
-34
Let x(b) = -48*b - 60. Give x(-2).
36
Let c(f) = f**3 - 11*f**2 - 42*f - 5. Determine c(-3).
-5
Let s(g) = -6*g**3 - 2*g**2 - 6*g - 169. What is s(0)?
-169
Let x(h) = -17*h**2. Calculate x(0).
0
Let v(u) = 138*u - 828. What is v(6)?
0
Let u(c) = -1765*c - 22948. Determine u(-13).
-3
Let x(v) = -24*v - 42. Determine x(-2).
6
Let y(x) = x**2 + 61*x + 479. Determine y(-8).
55
Let p(u) = -u**2 + 26*u - 29. Give p(16).
131
Let x(f) = 2*f**2 - 15*f + 54. Determine x(11).
131
Let u(v) = -2*v**2 + 71*v - 616. What is u(15)?
-1
Let a(q) = q + 2. Determine a(5).
7
Let v(k) = 144*k - 2684. Determine v(19).
52
Let j(x) = 80*x - 1466. Determine j(21).
214
Let n(j) = 17*j - 153. Determine n(13).
68
Let x(u) = -2880*u - 54678. Give x(-19).
42
Let c(p) = 14*p**2 + 31*p - 1. Give c(2).
117
Let b(w) = -10*w + 358. Calculate b(4).
318
Let p(m) = 30*m + 28. Calculate p(-1).
-2
Let h(d) = 357*d - 19271. Determine h(54).
7
Let g(b) = -29*b**2 - 26*b + 8. Calculate g(1).
-47
Let o(m) = 44*m - 2239. Determine o(43).
-347
Let m(v) = 3*v**2 + 45*v + 11. Give m(-12).
-97
Let h(v) = -135*v**2 + 1225*v - 92. What is h(9)?
-2
Let w(d) = 3*d**2 - 38*d - 351. Determine w(-6).
-15
Let a(f) = 180*f**2 - 1092*f + 76. What is a(6)?
4
Let t(g) = -759*g - 10645. Give t(-14).
-19
Let g(r) = 17*r**3 + r**2 + 7*r - 9. Calculate g(2).
145
Let o(a) = -132*a - 786. Give o(-6).
6
Let u(r) = -34*r**2 + 50*r - 91. Calculate u(2).
-127
Let l(v) = -17*v**2 + 1273*v + 154. Determine l(75).
4
Let g(y) = y**2 - 2*y - 172. Calculate g(0).
-172
Let l(w) = 19*w + 631. Calculate l(-35).
-34
Let g(x) = 2*x**3 - 27*x**2 + 5*x + 45. Determine g(11).
-505
Let q(d) = -286*d + 895. Calculate q(3).
37
Let t(b) = 15*b**2 - 474*b - 204. What is t(32)?
-12
Let y(k) = -k**2 + 39*k + 142. What is y(-4)?
-30
Let j(m) = m**2 + 169*m + 7131. What is j(-86)?
-7
Let s(x) = -85*x - 1955. What is s(-23)?
0
Let r(q) = 59*q - 390. Calculate r(7).
23
Let i(r) = r**2 - 243*r - 2801. Determine i(-11).
-7
Let z(r) = r**3 - 6*r**2 + 5*r + 6. Determine z(2).
0
Let s(y) = -2*y**3 + 194*y**2 + 195*y - 11. Calculate s(98).
-109
Let q(t) = -2*t**2 - 10*t + 90. Give q(7).
-78
Let m(s) = 1498*s + 5992. Give m(-4).
0
Let z(y) = 13*y**2 - 111*y - 49. Determine z(9).
5
Let h(b) = b**2 - 96*b + 189. Calculate h(0).
189
Let r(h) = -63*h - 374. Give r(-6).
4
Let r(n) = n**2 - 19*n - 681. Calculate r(-20).
99
Let a(h) = 11*h - 1. Calculate a(-5).
-56
Let m(d) = 109*d - 316. Determine m(7).
447
Let v(s) = -32*s - 4. Determine v(2).
-68
Let b(z) = -129*z + 3629. Determine b(28).
17
Let q(v) = v**3 + 3*v**2 - 125*v - 35. Calculate q(-13).
-100
Let p(h) = h**2 + 369*h - 3811. What is p(10)?
-21
Let x(h) = 216*h + 901. Determine x(-3).
253
Let k(m) = -m**3 + 13*m**2 + 21*m. Calculate k(-2).
18
Let y(u) = -219*u**2 - 3*u - 2. Determine y(-1).
-218
Let g(h) = -h**3 - 7*h**2 - 8*h + 6. Determine g(-3).
-6
Let l(q) = -290*q - 11586. What is l(-40)?
14
Let x(c) = -3167*c + 15819. Calculate x(5).
-16
Let l(k) = 7*k**3 - 11*k**2 - 5*k + 1. Calculate l(3).
76
Let o(a) = -2*a**3 + 37*a**2 + 23*a - 85. Give o(19).
-9
Let a(r) = r**3 - r**2 - 22*r - 18. What is a(-4)?
-10
Let v(c) = -141*c + 4508. Determine v(32).
-4
Let r(k) = k**2 + 404*k + 19548. Calculate r(-56).
60
Let s(n) = 14*n**2 + 227*n + 260. Determine s(-15).
5
Let r(x) = 181*x + 1818. What is r(-11)?
-173
Let q(k) = 6*k**2 + 174*k + 606. Give q(-25).
6
Let n(v) = -541*v + 2155. Calculate n(4).
-9
Let k(j) = 313*j - 3146. What is k(10)?
-16
Let y(h) = 8883*h + 8889. Calculate y(-1).
6
Let j(h) = -h**3 + 15*h**2 - 2179*h + 27984. Calculate j(13).
-5
Let v(j) = 27*j + 174. Give v(-5).
39
Let l(q) = q**3 + 8*q**2 + 69*q - 5. Calculate l(-4).
-217
Let j(x) = 2*x**3 + 20*x**2 + 86*x + 183. Calculate j(-4).
31
Let x(y) = -y**3 - 9*y**2 + 17*y + 50. Determine x(-10).
-20
Let i(a) = -a**2 - 22*a - 35. Calculate i(-4).
37
Let f(v) = -v**2 + 37*v - 211. What is f(33)?
-79
Let s(z) = 2*z**3 + 44*z**2 - 41*z + 172. Calculate s(-23).
57
Let i(a) = 21*a + 115. Give i(-17).
-242
Let u(g) = 35*g - 15. What is u(4)?
125
Let p(b) = -8*b**3 - 52*b**2 + 93*b - 16. What is p(-8)?
8
Let g(y) = -2*y**2 + 3710*y - 14817. Calculate g(4).
-9
Let p(q) = 96*q**2 - 1148*q - 30. What is p(12)?
18
Let i(m) = -m**3 + 2*m**2 + 8*m + 27. Give i(-6).
267
Let y(f) = -3*f**3 + 14*f**2 - 23*f. Determine y(3).
-24
Let r(o) = 7*o**2 + 5*o + 6. Calculate r(1).
18
Let p(o) = 6643*o - 59792. Calculate p(9).
-5
Let k(f) = 2*f**3 - 236*f**2 - 5*f + 488. Give k(118).
-102
Let u(b) = -b**3 + 4*b**2 - 81*b + 411. Determine u(5).
-19
Let j(i) = -i**3 - 8*i**2 - 19*i - 59. Calculate j(-5).
-39
Let u(m) = 5*m - 106. Give u(-7).
-141
Let f(b) = b**3 - b**2 - 55*b - 112. What is f(-4)?
28
Let i(h) = 319*h - 7994. Determine i(25).
-19
Let h(v) = 4*v**3 + 6*v**2 - 11*v - 68. Determine h(-3).
-89
Let a(r) = 2*r**3 + 21*r**2 - 16*r + 9. Calculate a(5).
704
Let q(i) = i**2 - 27*i - 150. Determine q(31).
-26
Let v(p) = -71*p**3 - 5*p**2 + 5*p - 1. Give v(1).
-72
Let m(j) = 11*j**2 - 314*j - 145. Give m(29).
0
Let p(r) = 6*r + 267. Determine p(-45).
-3
Let v(y) = 3*y**3 + 186*y**2 + 367*y + 421. Give v(-60).
1
Let a(z) = -56*z + 497. Determine a(7).
105
Let j(m) = m**3 + 10*m**2 + 773*m + 7728. Determine j(-10).
-2
Let g(q) = 82*q - 81. What is g(1)?
1
Let a(r) = -4*r**3 - 56*r**2 + 39*r + 44. Calculate a(-15).
359
Let y(i) = -i**2 + 387*i + 39016. Determine y(-83).
6
Let i(o) = o**3 - 3*o**2 - 26*o + 23. Give i(7).
37
Let y(g) = 1498*g + 9001. Calculate y(-6).
13
Let b(m) = 3*m**2 - 159*m - 497. What is b(-3)?
7
Let f(i) = 208*i - 3005. What is f(14)?
-93
Let h(x) = 24*x**2 + 309*x + 907. What is h(-3)?
196
Let s(r) = -3*r**2 - 51*r - 2. Determine s(-17).
-2
Let s(w) = -92*w - 3120. Determine s(-34).
8
Let u(x) = 37*x + 135. What is u(-3)?
24
Let w(b) = b**2 + 74*b - 3024. Calculate w(30).
96
Let f(z) = 101*z + 149. Calculate f(3).
452
Let i(w) = w**2 + 52*w + 548. Calculate i(-42).
128
Let m(h) = 246*h - 1991. Determine m(8).
-23
Let r(d) = 3*d**2 + 162*d - 3. Give r(0).
-3
Let r(y) = 14*y + 760. What is r(-47)?
102
Let j(t) = -t**3 - t**2 + 15*t - 28. Give j(2).
-10
Let o(v) = 60*v + 1725. What is o(-29)?
-15
Let k(t) = 396*t + 35646. Determine k(-90).
6
Let p(j) = j**2 - 37*j - 766. Give p(-16).
82
Let i(q) = 6*q**3 - 